 base 12, what is 14 + 15482226?
1548223a
In base 3, what is -11200021121222 - 20?
-11200021122012
In base 3, what is -11 + -10220200210120?
-10220200210201
In base 10, what is -184 + -772308?
-772492
In base 14, what is -17c06 + 144?
-17aa2
In base 15, what is 1 + 123660c0?
123660c1
In base 4, what is 2110230 - 300?
2103330
In base 12, what is 2 + -688267?
-688265
In base 13, what is 67bb26 - -80?
67bba6
In base 10, what is -5 + -350185?
-350190
In base 3, what is -2200021120012221 + -1?
-2200021120012222
In base 16, what is -4c7 + -7651?
-7b18
In base 7, what is -1344 + 15343303?
15341626
In base 7, what is -4436345 + 310?
-4436035
In base 11, what is -55 - 1295261?
-1295306
In base 6, what is 542 + 33211400?
33212342
In base 5, what is -4 - -241234241?
241234232
In base 15, what is 107 - 362a4b?
-362944
In base 13, what is 110a70b - 1c?
110a6bc
In base 13, what is -26c4072 + -31?
-26c40a3
In base 12, what is 1542595 + 5?
154259a
In base 3, what is 212011101 + 10021102010?
11010120111
In base 12, what is -2a8 + -32b9?
-35a5
In base 13, what is -210818 - -75?
-210773
In base 2, what is 1110110 - -101100011011110100?
101100011101101010
In base 4, what is 103011211303 + 1?
103011211310
In base 15, what is -5774 - 3e75?
-96e9
In base 5, what is -4 - -101044003143?
101044003134
In base 15, what is -4356cc9 - -d?
-4356cbb
In base 12, what is 287159 - -16?
287173
In base 2, what is 110001 + -101001110101101110011?
-101001110101101000010
In base 2, what is -10100010 + 10111101111110?
10111011011100
In base 8, what is -15074401 - -6?
-15074373
In base 9, what is 463565158 + -2?
463565156
In base 4, what is 2 - -3203113120?
3203113122
In base 7, what is 4332256 + -2?
4332254
In base 15, what is 13320 - -4?
13324
In base 14, what is 569108 - -4?
56910c
In base 4, what is 202110 - -233113100?
233321210
In base 2, what is -110001101011 - -100101000?
-101101000011
In base 8, what is 4305 + -134520?
-130213
In base 9, what is 1400073 + 702?
1400775
In base 13, what is -8 - 270337a?
-2703385
In base 3, what is 12122000 + -121000?
12001000
In base 9, what is -207 - -40743?
40535
In base 11, what is -10 + -95a996?
-95a9a6
In base 14, what is -19c78 + -3b?
-19cb5
In base 13, what is 39b1a3 - 4?
39b19c
In base 7, what is 132142 + -3545?
125264
In base 7, what is -63441 + 54664?
-5444
In base 16, what is -5 - 1d4d64?
-1d4d69
In base 6, what is -22 + 153115544?
153115522
In base 4, what is 21112300 - 3102?
21103132
In base 13, what is -2955303a - -5?
-29553035
In base 10, what is -21670 + -48147?
-69817
In base 7, what is -2114066 - 20?
-2114116
In base 14, what is 8ba3a698 + 3?
8ba3a69b
In base 12, what is a6135b - 4?
a61357
In base 4, what is 32 + -11003320330?
-11003320232
In base 2, what is -1110001000010001011 - -1000?
-1110001000010000011
In base 8, what is 142470 + -7602?
132666
In base 16, what is -d57540 + 5?
-d5753b
In base 16, what is -8d210 + 3a1?
-8ce6f
In base 7, what is -45101 - 303?
-45404
In base 10, what is -853 + -682367?
-683220
In base 15, what is ae16 - 6c?
ad99
In base 7, what is 321111 + 6330?
330441
In base 4, what is 200320000 + 201?
200320201
In base 5, what is 2434304232 + 103?
2434304340
In base 13, what is -4cb4ab + -31?
-4cb50c
In base 14, what is -93c13 + -10?
-93c23
In base 16, what is 131 - -1609a6?
160ad7
In base 9, what is -84672 - 15?
-84687
In base 4, what is -1 - 111201211130?
-111201211131
In base 15, what is 966 + bd60?
c7c6
In base 3, what is -1 + 20010220210110?
20010220210102
In base 7, what is -12 - -5602540?
5602525
In base 2, what is -100110100001001010111 - -11?
-100110100001001010100
In base 11, what is -3072 - 278a?
-5851
In base 15, what is 12 - -a5ebb4?
a5ebc6
In base 4, what is -1222300032212 + -11?
-1222300032223
In base 7, what is -15424465 - -5?
-15424460
In base 6, what is 11 - -122311?
122322
In base 14, what is -130610d + -a?
-1306119
In base 14, what is 25d + -2a5a?
-27db
In base 14, what is 1108b55 + 3?
1108b58
In base 7, what is 11546 + -23643?
-12064
In base 6, what is -1541211145 - -2?
-1541211143
In base 2, what is -1000101100111000100011 - -1100?
-1000101100111000010111
In base 2, what is -100011100001100001110110100 + 11?
-100011100001100001110110001
In base 15, what is -11ad45 - 5?
-11ad4a
In base 15, what is -2 - -31a45?
31a43
In base 12, what is -1 - 98b5356?
-98b5357
In base 5, what is 214032213332 + 2?
214032213334
In base 16, what is -2bd4 + 1f?
-2bb5
In base 13, what is 5156 - -137ca?
18953
In base 5, what is 34 + 224402213?
224402302
In base 12, what is 566 + -7067?
-6701
In base 14, what is 279b4b - 2?
279b49
In base 11, what is 4023 + 1856?
5879
In base 12, what is 3 + -1830a81?
-1830a7a
In base 10, what is -29 + 9227?
9198
In base 11, what is -6a3755 + -6?
-6a3760
In base 2, what is -1010010101 - 10110010011111001010?
-10110010101001011111
In base 7, what is -416 + 1655354?
1654635
In base 10, what is -1242879 + -557?
-1243436
In base 4, what is 1002023 + -3210?
332213
In base 6, what is -2002531430 - -35?
-2002531351
In base 3, what is 1111021010120021011 - 2?
1111021010120021002
In base 2, what is -110111010110010001 + -10000001?
-110111011000010010
In base 5, what is -100220 + -41012?
-141232
In base 5, what is -1404 - -1110331?
1103422
In base 9, what is 4 + 365770817?
365770822
In base 7, what is 3146 - 1102?
2044
In base 3, what is 21100010000 + -200022?
21022102201
In base 2, what is -1001010000110 + 101010100010010100?
101001011000001110
In base 8, what is -757 - 1341634?
-1342613
In base 6, what is 5240 + 2211335?
2221015
In base 7, what is 54360230 - -44?
54360304
In base 15, what is -c93 + 2a2b?
1c88
In base 15, what is 5 + -6dedaad?
-6dedaa8
In base 16, what is e8f + 1e2a?
2cb9
In base 2, what is -10 + -1010101010100001100111000?
-1010101010100001100111010
In base 2, what is -1 + 1000110111000001101001111001?
1000110111000001101001111000
In base 5, what is -3322 + 113323443?
113320121
In base 7, what is 0 + 1615636514?
1615636514
In base 10, what is 28848 - 1898?
26950
In base 5, what is -3112 - -40242031?
40233414
In base 9, what is 2 + 246326845?
246326847
In base 11, what is -a087 + 786?
-9401
In base 6, what is 0 + 41255400?
41255400
In base 12, what is 0 - -18ba95?
18ba95
In base 16, what is -4 - -276cce9?
276cce5
In base 12, what is 59ba9a60 - 2?
59ba9a5a
In base 10, what is -99 + 361557?
361458
In base 2, what is -101000110010011000110 - -100101?
-101000110010010100001
In base 14, what is 16 - 302b2?
-3029a
In base 3, what is 222211 - -110121121?
111121102
In base 14, what is 104acac + 30?
104acdc
In base 8, what is 5 + 223530161?
223530166
In base 3, what is 21020111100111 + -1?
21020111100110
In base 9, what is -46 - -4075783?
4075736
In base 13, what is 4 + -2661207?
-2661203
In base 13, what is -1467205 - 1?
-1467206
In base 15, what is 3c561d3 - 3?
3c561d0
In base 14, what is -36 + -1d81622?
-1d81658
In base 8, what is 4 + -72043752?
-72043746
In base 2, what is -110 + 1101110101011111110?
1101110101011111000
In base 9, what is 1 - -4041071?
4041072
In base 6, what is 1302420 - 13502?
1244514
In base 16, what is -29749 - 15e?
-298a7
In base 13, what is 1 - 2b54b34?
-2b54b33
In base 10, what is -7568 + -428?
-7996
In base 14, what is 4bb423 - bc?
4bb345
In base 13, what is 910b + -1b48?
7293
In base 5, what is 4 + -10230034033?
-10230034024
In base 10, what is 66408 - -605?
67013
In base 14, what is 32 - -9587b?
958ad
In base 14, what is 362cd4 - d?
362cc5
In base 9, what is -65714023 + -4?
-65714027
In base 4, what is 220 + 20020003200?
20020010020
In base 6, what is 3523210 - 1?
3523205
In base 13, what is -26 + a23689?
a23663
In base 6, what is 1 - 40230424?
-40230423
In base 4, what is 203 - -20033211113?
20033211322
In base 11, what is -36a0 - -34134?
30544
In base 4, what is 12101 + 3310331?
3323032
In base 12, what is 11512 - -6?
11518
In base 6, what is 13222 + -1233233?
-1220011
In base 7, what is -54351650 - -344?
-54351303
In base 8, what is -200102 + 2556?
-175324
In base 9, what is 4587317725 - -3?
4587317728
In base 7, what is -22006 - 255413?
-310422
In base 16, what is 125b - 42a?
e31
In base 3, what is 21222100212 + -202?
21222100010
In base 14, what is 67a3 + -1c05?
499c
In base 6, what is 3534541300 - -4?
3534541304
In base 11, what is -a +